**2 + 2*x. Let i be v(-24). Suppose -3*p + 14*p = i. Let u(j) = -13*j. Calculate the remainder when p is divided by u(-1).
9
Suppose j = -5*z + 97, -2*j + 3*z = -3*j + 89. Suppose 0 = 3*b - 2*c + 5*c - 18, -5*c = 2*b - 18. Calculate the remainder when 74 is divided by j/b + 3/(-12).
17
Suppose -29*f + f = 2184. Calculate the remainder when 33 is divided by 214/16 + f/208.
7
Let v = 794 - 453. What is the remainder when v is divided by 103?
32
Let p(t) = -19*t + 72. Let f be p(8). Let w = f - -95. Calculate the remainder when 146 is divided by w.
11
Let y(p) = 34*p**2 - 254*p + 11. What is the remainder when y(9) is divided by 161?
157
Suppose 4*t = 4*t - 3*t. Suppose -5*b + 3*k + 45 = t, 5*b + 2*k = 7*b - 14. Calculate the remainder when 89 is divided by b.
5
Let o = -2015 + 2041. What is the remainder when o is divided by 2?
0
Let a(i) = 23*i + 24. Let c(r) = 3*r**3 - 124*r**2 + 39*r + 96. What is the remainder when a(5) is divided by c(41)?
13
Suppose 7*i = 243 - 68. Let u(k) = k. Let p(o) = 4*o - 11. Let h(x) = p(x) - 3*u(x). What is the remainder when 111 is divided by h(i)?
13
Suppose -47*r - 27955 - 16562 = -260*r. What is the remainder when r is divided by 33?
11
Suppose 48*a + 126*a = 2*a + 88236. Calculate the remainder when a is divided by ((-65)/39)/((-1)/3).
3
Suppose -2*q + 72 = 2*q. Suppose i + 3*i + 4*k + 28 = 0, 0 = -4*i + 3*k - 21. What is the remainder when (q/(-12))/(i/284) is divided by 15?
11
Suppose 0 = 4*j - 68 - 100. What is the remainder when 6/(-24) + 939/12 is divided by j?
36
Let h(s) = 13*s**3 + 10*s**2 - 10*s + 6. Suppose -15 = -29*j + 24*j. Let v be h(j). Suppose 0 = -7*x + 507 + v. What is the remainder when x is divided by 45?
42
Let f = 5025 - 4198. What is the remainder when f is divided by 16?
11
Suppose -5*c = -6*l + 3*l + 5, c - 3*l = -13. Suppose -7*o + c*m = -5*o - 64, 0 = m + 4. Calculate the remainder when 53 is divided by o.
25
Suppose -o = -4*a - 574, -4*o + 38*a + 2330 = 39*a. What is the remainder when o is divided by 54?
42
Let x = 112 + -8. Let n = 156 - 141. What is the remainder when x is divided by n?
14
Let c(d) = 75*d**2 + 1. Let r = -39826 - -39841. Calculate the remainder when c(-1) is divided by r.
1
Let p(x) = -18*x**3 - x**2 - 2*x - 3. Let d be p(-2). Let z = 161 - d. What is the remainder when 257 is divided by z?
17
Suppose i + 2*i - 36 = 0. Suppose -11 = -5*y + 8 + 1, -5*y - 80 = -j. Calculate the remainder when j is divided by i.
4
Suppose 193*r - 198*r + 382 = h, -r - 4*h = -65. Suppose -m = 2*c - 47, 2*m + 69 = 4*c - m. Calculate the remainder when r is divided by c.
14
Let z be (-3176)/(-12) - 2/(-6). Let y = z + -138. Suppose 0 = -3*f + 9*f - 192. What is the remainder when y is divided by f?
31
Suppose -2*w - 5*z + 76 = 0, 3*w + 5*z = 4*z + 127. Suppose l + 0*r - r = 20, 2*l = -r + w. Calculate the remainder when 74 is divided by l.
11
Suppose 2*f = 3*f - 4*t - 102, 12 = -4*t. Calculate the remainder when 167 is divided by 8*4*(f/24 + -3).
23
Let f(c) = 3*c**2 - 2*c - 9. Let s(b) = -b - 5. Let a be s(-11). What is the remainder when f(a) is divided by (1 - (-10)/(-2)) + 23?
11
Let v = -7451 + 7789. What is the remainder when v is divided by 100?
38
Let f = 11239 - 11209. Calculate the remainder when 874 is divided by f.
4
Let t(x) = -x**2 + 347*x - 1682. What is the remainder when 1958 is divided by t(5)?
26
Suppose -4*i + 1104 = 12*g - 10*g, -9 = -3*i. What is the remainder when g is divided by 70?
56
Suppose -8*j + 33*j + 825 = 0. Let t(a) = a**3 + 34*a**2 + 32*a - 32. What is the remainder when 9 is divided by t(j)?
0
Suppose 13797 = -88*n - 89*n + 174159. Calculate the remainder when n is divided by 30.
6
Suppose -2*f + 4*u - 165 + 291 = 0, -3*f = -4*u - 175. Let k = -23 - -36. What is the remainder when f is divided by k?
10
Let l = 44 - 28. Let h = -20 + l. Calculate the remainder when (0 + h)*(-3 - (-99)/(-12)) is divided by 16.
13
Suppose -298 = -2*j - 370*p + 375*p, -3*p + 330 = 2*j. What is the remainder when 1588 is divided by j?
157
Suppose -6*n - 25 + 13 = 0. What is the remainder when (6 + -463)/((n - -1) + 0) is divided by 46?
43
Suppose 0 = -2*p + f + 25, 3*p + 492 = f + 530. Calculate the remainder when p is divided by (0 + 1)*1 - -8.
4
Let s(k) = 1804*k - 574. What is the remainder when s(2) is divided by 92?
90
Let p(d) = 2*d - 5. Let f = -5 - -21. Suppose 0 = -5*g + f + 34. What is the remainder when p(16) is divided by g?
7
Let o be -4*(-7)/(-28) - -4. Suppose 4*n - 2*k - 674 = -0*n, o*n = -k + 493. Calculate the remainder when n is divided by 14.
12
Suppose 3*a = 4*h - 41, -2*a + 5 = 3*a. Let z(f) = 2*f - 20. Let k be z(h). Suppose -k*c = -29 - 13. Calculate the remainder when 102 is divided by c.
18
Calculate the remainder when 172 - 33/44*-4 is divided by 65.
45
Let d(b) = 32*b**2 + 2*b. Let a be d(1). Suppose 0 = -29*i + a*i - 480. What is the remainder when i is divided by 37?
22
Let q = -292 + 283. Calculate the remainder when 80 is divided by -4*((q - 5) + 6).
16
Suppose 2*m = -f - 3*m + 53, -2*f + 96 = 5*m. Let u = 70 - f. What is the remainder when u is divided by 7?
6
Let k = 1258 + 3238. Suppose 22*y - k = 6*y. What is the remainder when y is divided by 71?
68
Let s(a) = 4*a**2 + 222*a - 447. Calculate the remainder when 35 is divided by s(2).
9
Suppose 21*o - 16*o + 1070 = 0. Let a = o - -261. What is the remainder when 135 is divided by a?
41
Suppose 2598 = -5*h - 5*b + 11293, 11*b = 5*h - 8615. What is the remainder when h is divided by 157?
7
Let l = -6920 + 6977. Calculate the remainder when 669 is divided by l.
42
Let a(p) = p**3 - p**2 + 2*p + 9. Let h be a(0). Let i(w) = 2 + 12*w**2 - 3*w - h*w**2 + 1. Calculate the remainder when i(-3) is divided by 15.
9
Calculate the remainder when ((-433)/4)/(14/(-56)) is divided by 76.
53
Suppose 0 = 8686*u - 8697*u + 4906. What is the remainder when u is divided by 30?
26
Suppose 3*m = -4*v + 4619, 9*m + 7780 = 14*m - 5*v. Calculate the remainder when m is divided by 30.
19
Let u(m) = m**2 + 10*m - 394. Calculate the remainder when u(-30) is divided by 19.
16
Suppose -3719*t = -3714*t - 2*j - 168, -j = 3*t - 81. Let a(c) = -141*c. What is the remainder when a(-1) is divided by t?
21
Suppose -26 = -4*z - 10. Suppose 4*c + 3*o = 55, -18 + 76 = z*c + 2*o. Suppose 463 = -0*j + 5*j - y, 4 = 2*y. What is the remainder when j is divided by c?
13
What is the remainder when -7957*10*6/(-60) is divided by 21?
19
Suppose 369 = -57*c + 3801 + 13953. Calculate the remainder when c is divided by (56/6)/(1/3).
25
Suppose -11*r = -5*r - 24. Suppose -r*o - 28 = -5*b + 59, 3*o + 70 = 4*b. Suppose 22*m - b*m - 27 = 0. Calculate the remainder when 43 is divided by m.
7
Let j(v) = 58*v**2 + v. Let b be j(-1). Suppose -70 = b*f - 67*f. Calculate the remainder when f is divided by (6*-1)/(2 - 4).
1
Let g = 7230 - 7073. Calculate the remainder when 162 is divided by g.
5
Let w(f) = 3*f**2 + 4*f - 9. Let h = 16 + -11. Suppose s - h + 1 = 0. Calculate the remainder when w(s) is divided by 14.
13
Calculate the remainder when -1 - (1153144/(-112) - ((-776)/112 - -7)) is divided by 20.
15
Suppose 43 = 4*q - 3*f, -14*q + f + 10 = -13*q. Suppose -6*b - q*b = -627. Let w = 6 - -11. What is the remainder when b is divided by w?
16
Let b(z) = -93*z**2 - z + 1. Let l be b(-1). Let g = -112 - l. Let a(v) = -v**3 - 20*v**2 + 18*v - 29. Calculate the remainder when a(g) is divided by 7.
6
Let u = -4220 - -4248. Calculate the remainder when 1423 is divided by u.
23
What is the remainder when (-10 - (-23)/2)*46 is divided by 16?
5
Calculate the remainder when (-2608)/(-14) - 252/882 is divided by 49.
39
Let q(z) = 7*z**3 - 12*z**2 + 7*z + 8. Let y be q(4). Suppose y = 9*i + 103. What is the remainder when 74 is divided by i?
11
Let u(z) = -2*z**3 - 4*z**2 + 6*z - 3. Let q be u(-5). Let i be 3 + (-4 - -5)*q. Suppose 0 = 6*j - 0*j - i. Calculate the remainder when j is divided by 7.
6
Suppose 0 = 5*g - 246 - 59. Calculate the remainder when g is divided by 8/(-14)*(-12852)/216.
27
Let o = -789 + 1189. What is the remainder when o is divided by 397?
3
Suppose -3*p = -f - 1259 - 27, f = 2*p - 860. What is the remainder when p is divided by 3?
0
Let a(u) = 9*u - 10. Let t be a(15). Suppose 76*w - 71*w - t = 0. Calculate the remainder when